{"id":2963,"date":"2024-07-03T10:53:56","date_gmt":"2024-07-03T13:53:56","guid":{"rendered":"https:\/\/dtlocacao.com.br\/?page_id=2963"},"modified":"2024-07-03T11:18:11","modified_gmt":"2024-07-03T14:18:11","slug":"elementor-2963","status":"publish","type":"page","link":"https:\/\/dtlocacao.com.br\/","title":{"rendered":"Home | Manuten\u00e7\u00e3o"},"content":{"rendered":"<p><img decoding=\"async\" width=\"130\" height=\"90\" src=\"http:\/\/dtlocacao.com.br\/wp-content\/uploads\/2021\/10\/logo-dt-130x90-1.png\" alt=\"\" loading=\"lazy\" \/>\t\t\t\t\t\t\t\t\t\t\t\t\t\t<\/p>\n<h2>Site em manuten\u00e7\u00e3o.<\/h2>\n<h2>DT LOCA\u00c7\u00c3O E SERVI\u00c7OS<\/h2>\n<ul>\n<li>\n\t\t\t\t\t\t\t\t\t\tRua Met\u00f3deo Coelho, n\u00ba62 &#8211; Cond. Cidadela Center I, 1\u00ba andar &#8211; Sala 105, Parque Bela Vista &#8211; Salvador, BA\n\t\t\t\t\t\t\t\t\t<\/li>\n<li>\n\t\t\t\t\t\t\t\t\t\t(71) 3033-59333 | (71) 9 8759-2999\n\t\t\t\t\t\t\t\t\t<\/li>\n<li>\n\t\t\t\t\t\t\t\t\t\tcontato@dtlocacao.com.br\n\t\t\t\t\t\t\t\t\t<\/li>\n<\/ul>\n","protected":false},"excerpt":{"rendered":"<p>Site em manuten\u00e7\u00e3o. DT LOCA\u00c7\u00c3O E SERVI\u00c7OS Rua Met\u00f3deo Coelho, n\u00ba62 &#8211; Cond. Cidadela Center I, 1\u00ba andar &#8211; Sala 105, Parque Bela Vista &#8211; Salvador, BA (71) 3033-59333 | (71) 9 8759-2999 contato@dtlocacao.com.br<\/p>\n","protected":false},"author":1,"featured_media":0,"parent":0,"menu_order":0,"comment_status":"closed","ping_status":"open","template":"elementor_canvas","meta":{"footnotes":""},"class_list":["post-2963","page","type-page","status-publish","hentry","entry"],"_links":{"self":[{"href":"https:\/\/dtlocacao.com.br\/index.php?rest_route=\/wp\/v2\/pages\/2963"}],"collection":[{"href":"https:\/\/dtlocacao.com.br\/index.php?rest_route=\/wp\/v2\/pages"}],"about":[{"href":"https:\/\/dtlocacao.com.br\/index.php?rest_route=\/wp\/v2\/types\/page"}],"author":[{"embeddable":true,"href":"https:\/\/dtlocacao.com.br\/index.php?rest_route=\/wp\/v2\/users\/1"}],"replies":[{"embeddable":true,"href":"https:\/\/dtlocacao.com.br\/index.php?rest_route=%2Fwp%2Fv2%2Fcomments&post=2963"}],"version-history":[{"count":64,"href":"https:\/\/dtlocacao.com.br\/index.php?rest_route=\/wp\/v2\/pages\/2963\/revisions"}],"predecessor-version":[{"id":3031,"href":"https:\/\/dtlocacao.com.br\/index.php?rest_route=\/wp\/v2\/pages\/2963\/revisions\/3031"}],"wp:attachment":[{"href":"https:\/\/dtlocacao.com.br\/index.php?rest_route=%2Fwp%2Fv2%2Fmedia&parent=2963"}],"curies":[{"name":"wp","href":"https:\/\/api.w.org\/{rel}","templated":true}]}}